f 2498253?
3
What is the millions digit of 1054483?
1
What is the tens digit of 105597?
9
What is the tens digit of 257353?
5
What is the thousands digit of 299872?
9
What is the thousands digit of 5301113?
1
What is the tens digit of 555828?
2
What is the units digit of 454089?
9
What is the ten millions digit of 11691969?
1
What is the thousands digit of 7072927?
2
What is the hundred thousands digit of 144945?
1
What is the millions digit of 1415198?
1
What is the hundred thousands digit of 150017?
1
What is the hundreds digit of 871818?
8
What is the ten thousands digit of 47660?
4
What is the units digit of 81332?
2
What is the units digit of 12232433?
3
What is the hundreds digit of 47816?
8
What is the ten thousands digit of 298644?
9
What is the hundreds digit of 275793?
7
What is the units digit of 18641698?
8
What is the hundreds digit of 259149?
1
What is the tens digit of 24786196?
9
What is the units digit of 5930730?
0
What is the hundreds digit of 6323326?
3
What is the ten thousands digit of 10476195?
7
What is the thousands digit of 24598373?
8
What is the tens digit of 175640?
4
What is the hundreds digit of 762771?
7
What is the thousands digit of 910527?
0
What is the millions digit of 9875690?
9
What is the hundreds digit of 3267399?
3
What is the ten thousands digit of 31881160?
8
What is the thousands digit of 2375338?
5
What is the tens digit of 7513096?
9
What is the hundred thousands digit of 3433484?
4
What is the hundred thousands digit of 13739789?
7
What is the hundreds digit of 633069?
0
What is the units digit of 36152?
2
What is the units digit of 185521?
1
What is the hundreds digit of 607576?
5
What is the units digit of 211397?
7
What is the units digit of 653333?
3
What is the hundreds digit of 5735735?
7
What is the ten millions digit of 13899407?
1
What is the units digit of 878226?
6
What is the ten thousands digit of 395507?
9
What is the hundreds digit of 130500?
5
What is the hundred thousands digit of 2206537?
2
What is the ten thousands digit of 328611?
2
What is the units digit of 78787?
7
What is the units digit of 1675083?
3
What is the hundreds digit of 2956303?
3
What is the thousands digit of 1488415?
8
What is the thousands digit of 447366?
7
What is the hundreds digit of 341958?
9
What is the tens digit of 9735799?
9
What is the hundred thousands digit of 36423040?
4
What is the hundreds digit of 2378899?
8
What is the tens digit of 10839679?
7
What is the ten thousands digit of 37045?
3
What is the thousands digit of 491179?
1
What is the hundred thousands digit of 1539719?
5
What is the hundreds digit of 3015398?
3
What is the units digit of 258203?
3
What is the thousands digit of 253711?
3
What is the tens digit of 49184?
8
What is the ten thousands digit of 23938?
2
What is the thousands digit of 226934?
6
What is the hundreds digit of 389503?
5
What is the thousands digit of 2423786?
3
What is the hundred thousands digit of 545975?
5
What is the hundred thousands digit of 105167?
1
What is the ten thousands digit of 624706?
2
What is the hundreds digit of 598863?
8
What is the hundreds digit of 315443?
4
What is the thousands digit of 647890?
7
What is the hundred thousands digit of 267499?
2
What is the units digit of 3731736?
6
What is the tens digit of 2384724?
2
What is the millions digit of 1348275?
1
What is the hundreds digit of 64769?
7
What is the ten thousands digit of 5496420?
9
What is the ten thousands digit of 8181099?
8
What is the millions digit of 16704752?
6
What is the tens digit of 6319985?
8
What is the ten thousands digit of 658468?
5
What is the hundreds digit of 1700548?
5
What is the tens digit of 3050480?
8
What is the hundred thousands digit of 441267?
4
What is the hundred thousands digit of 13153052?
1
What is the hundreds digit of 247697?
6
What is the millions digit of 1912050?
1
What is the units digit of 209694?
4
What is the tens digit of 324829?
2
What is the tens digit of 2010754?
5
What is the units digit of 171695?
5
What is the units digit of 234597?
7
What is the hundreds digit of 164286?
2
What is the units digit of 962728?
8
What is the units digit of 230471?
1
What is the hundreds digit of 4772790?
7
What is the ten thousands digit of 2104310?
0
What is the ten thousands digit of 616001?
1
What is the millions digit of 1045019?
1
What is the units digit of 3446092?
2
What is the thousands digit of 59576?
9
What is the units digit of 1145648?
8
What is the thousands digit of 72620?
2
What is the ten thousands digit of 19554811?
5
What is the thousands digit of 99865?
9
What is the tens digit of 241765?
6
What is the ten millions digit of 12915107?
1
What is the ten thousands digit of 7221170?
2
What is the hundreds digit of 347462?
4
What is the hundred thousands digit of 225318?
2
What is the tens digit of 119832?
3
What is the tens digit of 165994?
9
What is the hundreds digit of 53582?
5
What is the units digit of 1392222?
2
What is the tens digit of 3887640?
4
What is the hundreds digit of 351920?
9
What is the tens digit of 14769042?
4
What is the ten thousands digit of 140388?
4
What is the hundreds digit of 8765?
7
What is the hundreds digit of 30683785?
7
What is the thousands digit of 9697635?
7
What is the hundreds digit of 294345?
3
What is the hundred thousands digit of 2496221?
4
What is the tens digit of 901539?
3
What is the ten millions digit of 15117947?
1
What is the hundreds digit of 414059?
0
What is the tens digit of 7182102?
0
What is the units digit of 1269384?
4
What is the ten thousands digit of 20708370?
0
What is the hundreds digit of 458106?
1
What is the tens digit of 825877?
7
What is the tens digit of 29194?
9
What is the tens digit of 143889?
8
What is the thousands digit of 228922?
8
What is the tens digit of 2617153?
5
What is the tens digit of 3246078?
7
What is the hundreds digit of 171593?
5
What is the units digit of 12500081?
1
What is the units digit of 396060?
0
What is the ten thousands digit of 33611790?
1
What is the tens digit of 314043?
4
What is the tens digit of 252322?
2
What is the ten thousands digit of 5276608?
7
What is the hundred thousands digit of 21158171?
1
What is the tens digit of 3945848?
4
What is the ten thousands digit of 128981?
2
What is the hundred thousands digit of 37323157?
3
What is the ten thousands digit of 4176963?
7
What is the hundreds digit of 314090?
0
What is the ten thousands digit of 549061?
4
What is the units digit of 1912428?
8
What is the tens digit of 751863?
6
What is the thousands digit of 14169621?
9
What is the hundreds digit of 856945?
9
What is the ten thousands digit of 182926?
8
What is the ten thousands digit of 243205?
4
What is the hundred thousands digit of 26732940?
7
What is the thousands digit of 140376?
0
What is the tens digit of 640922?
2
What is the ten thousands digit of 1162666?
6
What is the tens digit of 362597?
9
What is the units digit of 3383141?
1
What is the hundred thousands digit of 4434459?
4
What is the units digit of 16923409?
9
What is the millions digit of 4731773?
4
What is the thousands digit of 64496?
4
What is the tens digit of 4355458?
5
What is the millions digit of 12761446?
2
What is the ten thousands digit of 142009?
4
What is the units digit of 87258?
8
What is the hundred thousands digit of 5595554?
5
What is the units digit of 988823?
3
What is the thousands digit of 11334?
1
What is the thousands digit of 3284?
3
What is the millions digit of 4079120?
4
What is the units digit of 20761669?
9
What is the millions digit of 1944694?
1
What is the ten thousands digit of 335156?
3
What is the units digit of 4979323?
3
What is the tens digit of 10370096?
9
What is the ten thousands digit of 4382931?
8
What is the thousands digit of 101518?
1
What is the hundred thousands digit of 6808303?
8
What is the hundreds digit of 931237?
2
What is the ten thousands digit of 116303?
1
What is the hundred thousands digit of 4583141?
5
What is the thousands digit of 266710?
6
What is the tens digit of 8255518?
1
What is the hundreds digit of 12396532?
5
What is the units digit of 643911?
1
What is the tens digit of 1468212?
1
What is the thousands digit of 3392659?
2
What is the thousands digit of 226965?
6
What is the tens di